-- https://www.phpmyadmin.net/
--

START TRANSACTION;



--
-- Database: `toko_sayur`
--

-- --------------------------------------------------------

--
-- Table structure for table `tbl_banner`
--

CREATE TABLE `tbl_banner` (
  `banner_id` int(11) NOT NULL,
  `banner_image` varchar(250) NOT NULL,
  `banner_url` varchar(700) NOT NULL,
  `created_by` int(11) NOT NULL,
  `created_at` datetime NOT NULL DEFAULT current_timestamp(),
  `updated_by` int(11) NOT NULL,
  `updated_at` datetime NOT NULL DEFAULT current_timestamp()
) ENGINE=InnoDB DEFAULT CHARSET=utf8mb4 COLLATE=utf8mb4_general_ci;

--
-- Dumping data for table `tbl_banner`
--

INSERT INTO `tbl_banner` (`banner_id`, `banner_image`, `banner_url`, `created_by`, `created_at`, `updated_by`, `updated_at`) VALUES
(1, 'banner/1691298003_banner-1.jpg', 'http://127.0.0.1:8000/shop', 1, '2023-08-06 11:40:28', 1, '2023-08-06 05:00:13'),
(2, 'banner/1691298013_banner-2.jpg', 'http://127.0.0.1:8000/shop', 1, '2023-08-06 11:40:36', 1, '2023-08-06 05:00:13');

-- --------------------------------------------------------

--
-- Table structure for table `tbl_blog`
--

CREATE TABLE `tbl_blog` (
  `blog_id` int(11) NOT NULL,
  `blog_title` varchar(200) NOT NULL,
  `blog_url` varchar(200) NOT NULL,
  `blog_description` varchar(1000) NOT NULL,
  `blog_body` text NOT NULL,
  `blog_tag` varchar(100) NOT NULL,
  `blog_category` varchar(100) NOT NULL,
  `blog_image` varchar(150) NOT NULL,
  `created_at` datetime NOT NULL DEFAULT current_timestamp(),
  `created_by` int(11) NOT NULL,
  `updated_at` datetime NOT NULL DEFAULT current_timestamp(),
  `updated_by` int(11) NOT NULL
) ENGINE=InnoDB DEFAULT CHARSET=utf8mb4 COLLATE=utf8mb4_general_ci;

--
-- Dumping data for table `tbl_blog`
--

INSERT INTO `tbl_blog` (`blog_id`, `blog_title`, `blog_url`, `blog_description`, `blog_body`, `blog_tag`, `blog_category`, `blog_image`, `created_at`, `created_by`, `updated_at`, `updated_by`) VALUES
(1, 'Manfaat Luar Biasa dari Konsumsi Buah-Buahan: Rahasia Kesehatan dan Vitalitas', 'manfaat-luar-biasa-dari-konsumsi-buah-buahan-rahasia-kesehatan-dan-vitalitas', 'Temukan keajaiban kesehatan dalam setiap gigitan buah-buahan segar. Dalam artikel ini, kami membahas beragam manfaat kesehatan yang tak terbantahkan yang bisa Anda dapatkan dengan mengonsumsi buah-buahan secara teratur.', '<p>Seiring dengan gaya hidup modern yang semakin sibuk, seringkali kita melupakan betapa pentingnya mengkonsumsi buah-buahan secara teratur dalam pola makan kita. Buah-buahan tidak hanya memberikan cita rasa yang segar dan lezat, tetapi juga memiliki manfaat luar biasa bagi kesehatan dan vitalitas kita. Dengan pengalaman penulisan selama 10 tahun, saya akan membahas mengenai beragam manfaat yang bisa Anda dapatkan dari konsumsi buah-buahan.</p>\r\n\r\n<p><strong>1. Sumber Nutrisi yang Kaya</strong></p>\r\n\r\n<p>Buah-buahan adalah sumber nutrisi yang kaya dan beragam. Mereka mengandung vitamin, mineral, serat, dan senyawa fitokimia yang penting untuk fungsi tubuh yang optimal. Misalnya, vitamin C dalam jeruk dan kiwi membantu meningkatkan sistem kekebalan tubuh, sementara potassium dalam pisang mendukung keseimbangan elektrolit dan fungsi jantung yang sehat.</p>\r\n\r\n<p><strong>2. Serat Penyokong Kesehatan Pencernaan</strong></p>\r\n\r\n<p>Serat yang terdapat dalam buah-buahan berperan penting dalam menjaga kesehatan pencernaan kita. Serat membantu mencegah sembelit, menjaga berat badan yang sehat, serta mengurangi risiko penyakit usus besar. Apel, pir, dan raspberry adalah contoh buah-buahan yang kaya serat.</p>\r\n\r\n<p><strong>3. Perlindungan Antioksidan</strong></p>\r\n\r\n<p>Buah-buahan mengandung antioksidan seperti vitamin C, vitamin E, dan beta-karoten. Antioksidan membantu melindungi sel-sel tubuh dari kerusakan akibat radikal bebas yang dapat menyebabkan penuaan dini dan penyakit degeneratif seperti kanker dan penyakit jantung.</p>\r\n\r\n<p><strong>4. Menjaga Berat Badan Ideal</strong></p>\r\n\r\n<p>Bagi mereka yang ingin menjaga atau menurunkan berat badan, buah-buahan adalah pilihan makanan yang cerdas. Mereka umumnya rendah kalori, tinggi serat, dan mengandung kadar air yang tinggi, memberikan rasa kenyang lebih lama.</p>\r\n\r\n<p><strong>5. Meningkatkan Kesehatan Jantung</strong></p>\r\n\r\n<p>Buah-buahan seperti blueberry, stroberi, dan anggur merah mengandung senyawa flavonoid yang dapat mendukung kesehatan jantung. Flavonoid membantu menjaga elastisitas pembuluh darah, mengurangi tekanan darah, dan meningkatkan aliran darah ke jantung.</p>\r\n\r\n<p><strong>6. Menjaga Kesehatan Kulit</strong></p>\r\n\r\n<p>Vitamin C dalam buah-buahan membantu dalam produksi kolagen, yang penting untuk kesehatan kulit yang optimal. Antioksidan dalam buah juga membantu melawan kerusakan kulit akibat paparan sinar matahari dan polusi lingkungan.</p>\r\n\r\n<p><strong>7. Menyehatkan Otak</strong></p>\r\n\r\n<p>Beberapa buah-buahan seperti blueberry, alpukat, dan walnut mengandung nutrisi yang dapat meningkatkan kesehatan otak dan fungsi kognitif. Senyawa seperti omega-3 dan antioksidan dalam buah-buahan ini dapat membantu melindungi otak dari penuaan dan risiko gangguan neurodegeneratif.</p>\r\n\r\n<p><strong>8. Menurunkan Risiko Diabetes Tipe 2</strong></p>\r\n\r\n<p>Konsumsi buah-buahan yang rendah indeks glikemik dapat membantu menjaga stabilitas gula darah, yang penting dalam pencegahan diabetes tipe 2. Buah-buahan seperti beri, apel, dan pir adalah pilihan yang baik bagi mereka yang ingin mengontrol kadar gula darah.</p>\r\n\r\n<p>Dengan segala manfaat yang luar biasa ini, mengapa tidak membuat buah-buahan menjadi bagian yang tak terpisahkan dari pola makan harian kita? Dengan memilih berbagai jenis buah-buahan yang berbeda, kita dapat memenuhi kebutuhan nutrisi tubuh dengan lebih baik dan menjaga kesehatan jangka panjang kita. Jadi, mari kita jadikan buah-buahan sebagai pilihan yang cerdas untuk kesehatan dan vitalitas yang optimal.</p>', 'Manfaat buah-buahan,Buah-buahan segar', 'Buah', 'blog/1691307325_jonas-kakaroto-5JQH9Iqnm9o-unsplash.jpg', '2023-08-06 07:35:25', 1, '2023-08-06 07:43:29', 1),
(2, 'Mengupas Manfaat Luar Biasa dari Buah Apel untuk Kesehatan Anda', 'mengupas-manfaat-luar-biasa-dari-buah-apel-untuk-kesehatan-anda', 'Temukan daya magis dalam setiap gigitan apel: serat untuk pencernaan, antioksidan melawan radikal bebas, kesehatan jantung dan otak yang optimal. Baca untuk manfaat lengkapnya!', '<p>Buah apel, dengan kelezatannya yang menggoda dan kehadirannya yang mendominasi pasar buah-buahan, adalah buah yang tak hanya enak, tetapi juga kaya akan manfaat kesehatan. Tidak hanya menjadi camilan yang ideal, tetapi juga merupakan paket nutrisi yang penuh, membantu Anda menjaga kesehatan dan vitalitas dalam berbagai cara.</p>\r\n\r\n<p><strong>1. Kaya Serat, Rendah Kalori</strong></p>\r\n\r\n<p>Satu buah apel mengandung serat pangan yang penting bagi kesehatan pencernaan Anda. Serat membantu mencegah sembelit, menjaga pergerakan usus yang teratur, dan mempromosikan kebersihan usus. Selain itu, apel juga rendah kalori, menjadikannya pilihan sempurna bagi mereka yang ingin menjaga berat badan.</p>\r\n\r\n<p><strong>2. Sumber Antioksidan</strong></p>\r\n\r\n<p>Apel mengandung berbagai jenis antioksidan, termasuk vitamin C dan senyawa fitokimia seperti quercetin. Antioksidan ini membantu melawan radikal bebas dalam tubuh Anda, membantu melindungi sel-sel dari kerusakan dan mengurangi risiko perkembangan penyakit kronis, termasuk kanker.</p>\r\n\r\n<p><strong>3. Meningkatkan Kesehatan Jantung</strong></p>\r\n\r\n<p>Konsumsi apel telah dikaitkan dengan penurunan risiko penyakit jantung. Serat dan antioksidan dalam apel dapat membantu menurunkan kadar kolesterol jahat (LDL) dan menjaga kesehatan pembuluh darah Anda. Rutin mengonsumsi apel dapat membantu menjaga tekanan darah normal dan mengurangi risiko serangan jantung.</p>\r\n\r\n<p><strong>4. Mendukung Pengendalian Gula Darah</strong></p>\r\n\r\n<p>Serat yang terdapat dalam apel membantu mengendalikan penyerapan gula darah, menjaga kadar gula darah Anda tetap stabil. Ini adalah kabar baik bagi penderita diabetes tipe 2 atau mereka yang ingin mencegah diabetes.</p>\r\n\r\n<p><strong>5. Menjaga Kesehatan Otak</strong></p>\r\n\r\n<p>Antioksidan dalam apel, seperti quercetin, telah dikaitkan dengan perlindungan otak dan penurunan risiko penyakit neurodegeneratif seperti Alzheimer. Konsumsi apel secara teratur dapat membantu memelihara kognisi yang baik seiring dengan pertambahan usia.</p>\r\n\r\n<p><strong>6. Menyediakan Vitamin dan Mineral Penting</strong></p>\r\n\r\n<p>Apel mengandung berbagai vitamin dan mineral penting, termasuk vitamin C, vitamin A, dan potassium. Vitamin C mendukung sistem kekebalan tubuh, vitamin A baik untuk kesehatan mata, dan potassium penting untuk keseimbangan elektrolit dan fungsi otot.</p>\r\n\r\n<p><strong>7. Menyehatkan Gigi dan Gusi</strong></p>\r\n\r\n<p>Ketika Anda menggigit dan mengunyah apel, tekstur daging buahnya membantu membersihkan gigi dan gusi secara alami. Ini membantu mencegah penumpukan plak dan menjaga kesehatan mulut Anda.</p>\r\n\r\n<p><strong>8. Membantu Pencernaan</strong></p>\r\n\r\n<p>Serat dalam apel dapat membantu merangsang pergerakan usus dan mencegah sembelit. Selain itu, kandungan pektin dalam apel juga dapat memberikan efek prebiotik, mendukung pertumbuhan bakteri baik dalam usus.</p>\r\n\r\n<p><strong>9. Menyegarkan Kulit</strong></p>\r\n\r\n<p>Apel mengandung antioksidan dan vitamin yang dapat membantu memelihara kesehatan kulit Anda. Vitamin C dalam apel membantu produksi kolagen, menjaga kulit tampak muda dan bercahaya.</p>\r\n\r\n<p><strong>10. Mengurangi Risiko Kanker</strong></p>\r\n\r\n<p>Beberapa penelitian menunjukkan bahwa konsumsi apel dapat dikaitkan dengan penurunan risiko beberapa jenis kanker, terutama kanker usus besar dan kanker paru-paru.</p>\r\n\r\n<p>Dengan segala manfaatnya yang mengesankan, buah apel dengan tepat dikenal sebagai buah ajaib. Menambahkan apel dalam pola makan harian Anda adalah langkah kecil yang dapat memberikan dampak besar pada kesehatan Anda secara keseluruhan. Jadi, mengapa tidak memanjakan diri Anda dengan seiris apel hari ini?</p>', 'Manfaat Apel,Manfaat Buah', 'Buah', 'blog/1691307715_matheus-cenali-wXuzS9xR49M-unsplash.jpg', '2023-08-06 07:41:55', 1, '2023-08-06 07:41:55', 1),
(3, 'Manfaat Luar Biasa dari Susu: Pilar Kesehatan dan Kekuatan', 'manfaat-luar-biasa-dari-susu-pilar-kesehatan-dan-kekuatan', 'Susu: Sumber kalsium kuat, protein berkualitas, dan nutrisi esensial. Menjaga tulang, jantung, dan energi. Baca untuk manfaat lengkapnya!', '<p>Susu, yang telah menjadi bagian penting dari diet manusia selama berabad-abad, adalah sumber nutrisi yang kaya dan tak tergantikan. Artikel ini mengungkapkan beragam manfaat luar biasa yang dimiliki susu untuk kesehatan dan kekuatan kita.</p>\r\n\r\n<p><strong>1. Kekuatan Tulang dan Gigi</strong></p>\r\n\r\n<p>Susu dikenal sebagai sumber kalsium utama yang mendukung pertumbuhan tulang yang kuat dan menjaga kesehatan gigi. Kalsium juga membantu mencegah osteoporosis dan menjaga struktur tulang.</p>\r\n\r\n<p><strong>2. Sumber Protein Berkualitas Tinggi</strong></p>\r\n\r\n<p>Protein dalam susu mengandung asam amino esensial yang diperlukan untuk pembentukan jaringan otot, perbaikan sel, dan menjaga kesehatan kulit. Ini adalah sumber protein yang mudah dicerna.</p>\r\n\r\n<p><strong>3. Vitamin dan Mineral Penting</strong></p>\r\n\r\n<p>Susu kaya akan vitamin D, B12, dan riboflavin, yang berperan penting dalam fungsi sistem saraf, metabolisme, dan produksi sel darah merah. Vitamin D juga mendukung penyerapan kalsium yang lebih baik.</p>\r\n\r\n<p><strong>4. Pencernaan yang Sehat</strong></p>\r\n\r\n<p>Yogurt dan produk susu fermentasi lainnya mengandung probiotik alami, yang membantu menjaga keseimbangan bakteri baik dalam saluran pencernaan, mempromosikan pencernaan yang optimal.</p>\r\n\r\n<p><strong>5. Meningkatkan Kesehatan Jantung</strong></p>\r\n\r\n<p>Susu rendah lemak dapat membantu menjaga kadar kolesterol yang sehat dan tekanan darah yang normal. Kandungan kalium dalam susu mendukung kesehatan pembuluh darah.</p>\r\n\r\n<p><strong>6. Menyokong Pertumbuhan Anak</strong></p>\r\n\r\n<p>Susu adalah sumber nutrisi utama bagi pertumbuhan dan perkembangan anak-anak. Kalsium, protein, dan vitamin dalam susu membantu pembentukan tulang yang kuat dan perkembangan otak yang optimal.</p>\r\n\r\n<p><strong>7. Pemulihan Pasca Olahraga</strong></p>\r\n\r\n<p>Kandungan protein dan karbohidrat dalam susu membuatnya menjadi minuman pemulihan yang ideal setelah olahraga. Ini membantu memperbaiki otot yang rusak dan mengisi kembali energi.</p>\r\n\r\n<p><strong>8. Kontrol Berat Badan</strong></p>\r\n\r\n<p>Konsumsi susu rendah lemak atau susu skim dapat membantu menjaga rasa kenyang lebih lama, membantu mengontrol asupan kalori, dan mendukung upaya penurunan berat badan.</p>\r\n\r\n<p><strong>9. Sumber Energi</strong></p>\r\n\r\n<p>Susu mengandung karbohidrat yang memberikan energi cepat dan tahan lama, membuatnya menjadi pilihan yang baik untuk memulai hari atau mengatasi rasa lapar.</p>\r\n\r\n<p>10. Menjaga Kesehatan Mata</p>\r\n\r\n<p>Vitamin A dalam susu mendukung kesehatan mata, membantu menjaga penglihatan yang baik dan mencegah gangguan mata terkait usia.</p>\r\n\r\n<p>Susu tetap menjadi bagian penting dari diet yang seimbang dan memberikan manfaat yang tak ternilai bagi kesehatan dan kekuatan kita. Dengan menjaga konsumsi susu yang tepat, kita dapat memaksimalkan potensi kesehatan dan menjalani kehidupan yang lebih bugar.</p>', 'Manfaat Susu,Tip', 'Susu', 'blog/1691308022_nikolai-chernichenko-S1HuosAnX-Y-unsplash.jpg', '2023-08-06 07:47:02', 1, '2023-08-06 07:47:02', 1);

-- --------------------------------------------------------

--
-- Table structure for table `tbl_category`
--

CREATE TABLE `tbl_category` (
  `category_id` int(11) NOT NULL,
  `category_name` varchar(100) NOT NULL,
  `category_slug` varchar(100) NOT NULL,
  `category_image` varchar(150) DEFAULT NULL,
  `created_at` datetime NOT NULL DEFAULT current_timestamp(),
  `created_by` int(11) DEFAULT NULL,
  `updated_at` datetime NOT NULL DEFAULT current_timestamp(),
  `updated_by` int(11) DEFAULT NULL
) ENGINE=InnoDB DEFAULT CHARSET=utf8mb4 COLLATE=utf8mb4_general_ci;

--
-- Dumping data for table `tbl_category`
--

INSERT INTO `tbl_category` (`category_id`, `category_name`, `category_slug`, `category_image`, `created_at`, `created_by`, `updated_at`, `updated_by`) VALUES
(1, 'Buah', 'buah', 'categories/cat-1.jpg', '2023-05-28 13:54:06', 0, '2023-07-29 08:01:15', 0),
(2, 'Sayur', 'sayur', 'categories/cat-3.jpg', '2023-05-28 13:54:06', 0, '2023-05-28 13:54:06', 0),
(3, 'Daging', 'daging', 'categories/cat-5.jpg', '2023-05-28 13:54:06', 0, '2023-07-29 07:58:20', 0),
(4, 'Susu', 'susu', 'categories/cat-4.jpg', '2023-05-28 13:54:06', 0, '2023-07-29 08:09:26', 0);

-- --------------------------------------------------------

--
-- Table structure for table `tbl_contact`
--

CREATE TABLE `tbl_contact` (
  `contact_id` int(11) NOT NULL,
  `contact_name` varchar(250) NOT NULL,
  `contact_email` varchar(250) NOT NULL,
  `contact_message` text NOT NULL,
  `created_by` int(11) DEFAULT NULL,
  `created_at` datetime NOT NULL DEFAULT current_timestamp(),
  `updated_by` int(11) DEFAULT NULL,
  `updated_at` datetime NOT NULL DEFAULT current_timestamp(),
  `contact_status` tinyint(4) NOT NULL DEFAULT 0
) ENGINE=InnoDB DEFAULT CHARSET=utf8mb4 COLLATE=utf8mb4_general_ci;

--
-- Dumping data for table `tbl_contact`
--

INSERT INTO `tbl_contact` (`contact_id`, `contact_name`, `contact_email`, `contact_message`, `created_by`, `created_at`, `updated_by`, `updated_at`, `contact_status`) VALUES
(1, 'taufik hidayat', 'admin@gmail.com', 'sasd', NULL, '2023-07-22 09:47:42', NULL, '2023-08-04 23:06:20', 1),
(2, 'taufik hidayat', 'admin@gmail.com', 'asdasd', NULL, '2023-07-22 09:48:46', NULL, '2023-08-04 23:04:15', 1),
(3, 'taufik hidayat', 'admin@gmail.com', 'sdsds', NULL, '2023-07-22 09:49:06', NULL, '2023-07-22 09:49:06', 0),
(4, 'taufik hidayat', 'admin@gmail.com', 'aasdasdasd', NULL, '2023-07-22 09:50:27', NULL, '2023-07-22 09:50:27', 0);

-- --------------------------------------------------------

--
-- Table structure for table `tbl_kecamatan`
--

CREATE TABLE `tbl_kecamatan` (
  `kecamatan_id` int(11) NOT NULL,
  `kecamatan` varchar(200) NOT NULL,
  `created_at` datetime NOT NULL DEFAULT current_timestamp(),
  `created_by` int(11) NOT NULL,
  `updated_at` datetime NOT NULL DEFAULT current_timestamp(),
  `updated_by` int(11) NOT NULL
) ENGINE=InnoDB DEFAULT CHARSET=utf8mb4 COLLATE=utf8mb4_general_ci;

--
-- Dumping data for table `tbl_kecamatan`
--

INSERT INTO `tbl_kecamatan` (`kecamatan_id`, `kecamatan`, `created_at`, `created_by`, `updated_at`, `updated_by`) VALUES
(9, 'Kuranji', '2023-07-22 11:01:34', 1, '2023-07-22 11:01:34', 1);

-- --------------------------------------------------------

--
-- Table structure for table `tbl_kelurahan`
--

CREATE TABLE `tbl_kelurahan` (
  `kelurahan_id` int(11) NOT NULL,
  `kecamatan_id` int(11) NOT NULL,
  `kelurahan` varchar(100) NOT NULL,
  `created_at` datetime NOT NULL DEFAULT current_timestamp(),
  `created_by` int(11) NOT NULL,
  `updated_at` datetime NOT NULL DEFAULT current_timestamp(),
  `updated_by` int(11) NOT NULL
) ENGINE=InnoDB DEFAULT CHARSET=utf8mb4 COLLATE=utf8mb4_general_ci;

--
-- Dumping data for table `tbl_kelurahan`
--

INSERT INTO `tbl_kelurahan` (`kelurahan_id`, `kecamatan_id`, `kelurahan`, `created_at`, `created_by`, `updated_at`, `updated_by`) VALUES
(1, 9, 'Ampang', '2023-07-22 11:21:29', 0, '2023-07-30 00:27:00', 1),
(3, 9, 'Gunung Sarik', '2023-07-22 11:22:28', 0, '2023-07-22 11:22:28', 0),
(4, 9, 'Kalumbuk', '2023-07-22 11:22:28', 0, '2023-07-22 11:22:28', 0),
(5, 9, 'Korong Gadang', '2023-07-22 11:22:28', 0, '2023-07-22 11:22:28', 0),
(6, 9, 'Kuranji', '2023-07-22 11:22:28', 0, '2023-07-22 11:22:28', 0),
(7, 9, 'Lubuk Lintah', '2023-07-22 11:22:28', 0, '2023-07-22 11:22:28', 0),
(8, 9, 'Pasar Ambacang', '2023-07-22 11:22:28', 0, '2023-07-22 11:22:28', 0),
(9, 9, 'Sungai Sapih', '2023-07-22 11:22:28', 0, '2023-07-22 11:22:28', 0);

-- --------------------------------------------------------

--
-- Table structure for table `tbl_ongkir`
--

CREATE TABLE `tbl_ongkir` (
  `ongkir_id` int(11) NOT NULL,
  `service_id` int(11) NOT NULL,
  `kelurahan_id` int(11) NOT NULL,
  `price` double NOT NULL,
  `min` int(11) NOT NULL,
  `max` int(11) NOT NULL,
  `created_at` datetime NOT NULL DEFAULT current_timestamp(),
  `created_by` int(11) NOT NULL,
  `updated_at` datetime NOT NULL DEFAULT current_timestamp(),
  `updated_by` int(11) NOT NULL
) ENGINE=InnoDB DEFAULT CHARSET=utf8mb4 COLLATE=utf8mb4_general_ci;

--
-- Dumping data for table `tbl_ongkir`
--

INSERT INTO `tbl_ongkir` (`ongkir_id`, `service_id`, `kelurahan_id`, `price`, `min`, `max`, `created_at`, `created_by`, `updated_at`, `updated_by`) VALUES
(1, 1, 6, 10000, 0, 1000, '2023-07-22 11:43:57', 0, '2023-07-22 11:43:57', 0),
(5, 1, 1, 10000, 0, 1000, '2023-07-30 02:38:10', 1, '2023-08-06 11:30:00', 1),
(6, 1, 3, 10000, 0, 1000, '2023-08-06 11:29:52', 1, '2023-08-06 11:29:52', 1),
(7, 1, 5, 10000, 0, 1000, '2023-08-06 11:30:26', 1, '2023-08-06 11:30:26', 1),
(8, 1, 4, 10000, 0, 1000, '2023-08-06 11:31:26', 1, '2023-08-06 11:31:26', 1),
(9, 1, 7, 10000, 0, 1000, '2023-08-06 11:31:40', 1, '2023-08-06 11:31:40', 1),
(10, 1, 8, 10000, 0, 1000, '2023-08-06 11:31:40', 1, '2023-08-06 11:31:58', 1),
(11, 1, 9, 10000, 0, 1000, '2023-08-06 11:32:11', 1, '2023-08-06 11:32:11', 1),
(12, 2, 1, 5000, 0, 1000, '2023-08-06 11:33:04', 1, '2023-08-06 11:33:04', 1),
(13, 2, 3, 5000, 0, 1000, '2023-08-06 11:36:30', 1, '2023-08-06 11:36:30', 1),
(14, 2, 4, 5000, 0, 1000, '2023-08-06 11:36:41', 1, '2023-08-06 11:36:41', 1),
(15, 2, 5, 5000, 0, 1000, '2023-08-06 11:36:49', 1, '2023-08-06 11:36:49', 1),
(16, 2, 6, 5000, 0, 1000, '2023-08-06 11:37:09', 1, '2023-08-06 11:37:09', 1),
(18, 2, 7, 5000, 0, 1000, '2023-08-06 11:37:24', 1, '2023-08-06 11:37:24', 1),
(19, 2, 8, 5000, 0, 1000, '2023-08-06 11:37:33', 1, '2023-08-06 11:37:33', 1),
(21, 2, 9, 5000, 0, 1000, '2023-08-06 11:37:48', 1, '2023-08-06 11:37:48', 1),
(22, 1, 1, 11000, 1000, 2000, '2023-08-06 11:38:02', 1, '2023-08-06 11:38:02', 1),
(23, 1, 3, 12000, 1000, 2000, '2023-08-06 11:38:15', 1, '2023-08-06 11:38:15', 1),
(24, 1, 4, 15000, 1000, 2000, '2023-08-06 11:38:31', 1, '2023-08-06 11:38:31', 1),
(25, 1, 5, 15000, 1000, 2000, '2023-08-06 11:38:40', 1, '2023-08-06 11:38:40', 1),
(26, 1, 6, 15000, 1000, 2000, '2023-08-06 11:41:36', 1, '2023-08-06 11:41:36', 1),
(27, 1, 7, 15000, 1000, 2000, '2023-08-06 11:41:49', 1, '2023-08-06 11:41:49', 1),
(28, 1, 8, 15000, 1000, 2000, '2023-08-06 11:41:59', 1, '2023-08-06 11:41:59', 1),
(29, 1, 9, 15000, 1000, 2000, '2023-08-06 11:42:09', 1, '2023-08-06 11:42:09', 1),
(30, 1, 1, 30000, 2000, 20000, '2023-08-06 11:42:51', 1, '2023-08-06 11:42:51', 1),
(31, 1, 3, 20000, 2000, 20000, '2023-08-06 11:43:00', 1, '2023-08-06 11:43:00', 1),
(32, 1, 4, 20000, 2000, 20000, '2023-08-06 11:43:15', 1, '2023-08-06 11:43:15', 1),
(33, 1, 5, 20000, 2000, 20000, '2023-08-06 11:43:23', 1, '2023-08-06 11:43:23', 1),
(34, 1, 6, 20000, 2000, 20000, '2023-08-06 11:44:01', 1, '2023-08-06 11:44:01', 1),
(35, 1, 7, 20000, 2000, 20000, '2023-08-06 11:44:10', 1, '2023-08-06 11:44:10', 1),
(36, 1, 8, 20000, 2000, 20000, '2023-08-06 11:44:22', 1, '2023-08-06 11:44:22', 1),
(37, 1, 9, 20000, 2000, 20000, '2023-08-06 11:44:30', 1, '2023-08-06 11:44:30', 1),
(38, 2, 1, 15000, 1000, 20000, '2023-08-06 11:44:50', 1, '2023-08-06 11:44:50', 1),
(39, 2, 3, 15000, 1000, 20000, '2023-08-06 11:45:01', 1, '2023-08-06 11:45:01', 1),
(40, 2, 4, 15000, 1000, 20000, '2023-08-06 11:45:10', 1, '2023-08-06 11:45:33', 1),
(41, 2, 5, 15000, 1000, 20000, '2023-08-06 11:45:44', 1, '2023-08-06 11:45:44', 1),
(42, 2, 6, 15000, 1000, 20000, '2023-08-06 11:45:57', 1, '2023-08-06 11:45:57', 1),
(43, 2, 7, 15000, 1000, 20000, '2023-08-06 11:46:05', 1, '2023-08-06 11:46:24', 1),
(44, 2, 8, 15000, 1000, 20000, '2023-08-06 11:46:34', 1, '2023-08-06 11:46:34', 1),
(45, 2, 8, 15000, 1000, 20000, '2023-08-06 11:46:34', 1, '2023-08-06 11:46:34', 1),
(46, 2, 9, 15000, 1000, 20000, '2023-08-06 11:46:47', 1, '2023-08-06 11:46:47', 1);

-- --------------------------------------------------------

--
-- Table structure for table `tbl_order`
--

CREATE TABLE `tbl_order` (
  `order_code` varchar(30) NOT NULL,
  `customer_name` varchar(250) NOT NULL,
  `customer_whatsapp` varchar(16) NOT NULL,
  `kelurahan_id` int(11) NOT NULL,
  `service_id` int(11) NOT NULL,
  `customer_address` text NOT NULL,
  `subtotal` double NOT NULL,
  `ongkir` double NOT NULL,
  `total` double NOT NULL,
  `order_date` datetime NOT NULL DEFAULT current_timestamp(),
  `status` varchar(100) NOT NULL DEFAULT 'Menunggu Pembayaran',
  `pay_date` datetime DEFAULT NULL,
  `delivery_date` datetime DEFAULT NULL,
  `success_date` datetime DEFAULT NULL,
  `cancel_date` datetime DEFAULT NULL,
  `created_date` date NOT NULL
) ENGINE=InnoDB DEFAULT CHARSET=utf8mb4 COLLATE=utf8mb4_general_ci;

--
-- Dumping data for table `tbl_order`
--

INSERT INTO `tbl_order` (`order_code`, `customer_name`, `customer_whatsapp`, `kelurahan_id`, `service_id`, `customer_address`, `subtotal`, `ongkir`, `total`, `order_date`, `status`, `pay_date`, `delivery_date`, `success_date`, `cancel_date`, `created_date`) VALUES
('06082023-001', 'taufik hidayat', '089617760252', 3, 1, 'JL Gambir', 36000, 10000, 46000, '2023-08-07 06:11:42', 'Success', '2023-06-08 23:12:27', '2023-06-08 23:12:31', '2023-06-08 23:12:35', NULL, '2023-08-07');

-- --------------------------------------------------------

--
-- Table structure for table `tbl_order_detail`
--

CREATE TABLE `tbl_order_detail` (
  `order_detail_id` int(11) NOT NULL,
  `order_code` varchar(30) NOT NULL,
  `product_id` int(11) NOT NULL,
  `product_price` double NOT NULL,
  `quantity` int(11) NOT NULL,
  `total` double NOT NULL
) ENGINE=InnoDB DEFAULT CHARSET=utf8mb4 COLLATE=utf8mb4_general_ci;

--
-- Dumping data for table `tbl_order_detail`
--

INSERT INTO `tbl_order_detail` (`order_detail_id`, `order_code`, `product_id`, `product_price`, `quantity`, `total`) VALUES
(17, '06082023-001', 11, 9000, 4, 36000);

-- --------------------------------------------------------

--
-- Table structure for table `tbl_product`
--

CREATE TABLE `tbl_product` (
  `product_id` int(11) NOT NULL,
  `product_name` varchar(250) NOT NULL,
  `product_short_description` varchar(350) NOT NULL,
  `product_description` text NOT NULL,
  `product_url` varchar(250) NOT NULL,
  `category_id` int(11) NOT NULL,
  `product_available` int(11) NOT NULL,
  `total_sales` int(11) DEFAULT NULL,
  `product_image1` varchar(150) NOT NULL,
  `product_image2` varchar(150) DEFAULT NULL,
  `product_image3` varchar(150) DEFAULT NULL,
  `product_image4` varchar(150) DEFAULT NULL,
  `product_weight` int(11) NOT NULL,
  `created_at` datetime NOT NULL DEFAULT current_timestamp(),
  `created_by` int(11) NOT NULL,
  `updated_at` datetime NOT NULL DEFAULT current_timestamp(),
  `updated_by` int(11) NOT NULL,
  `product_price` double NOT NULL,
  `product_discount` decimal(10,0) NOT NULL,
  `total_price` double NOT NULL,
  `product_keyword` varchar(250) NOT NULL
) ENGINE=InnoDB DEFAULT CHARSET=utf8mb4 COLLATE=utf8mb4_general_ci;

--
-- Dumping data for table `tbl_product`
--

INSERT INTO `tbl_product` (`product_id`, `product_name`, `product_short_description`, `product_description`, `product_url`, `category_id`, `product_available`, `total_sales`, `product_image1`, `product_image2`, `product_image3`, `product_image4`, `product_weight`, `created_at`, `created_by`, `updated_at`, `updated_by`, `product_price`, `product_discount`, `total_price`, `product_keyword`) VALUES
(6, 'Anggur Segar', 'Nikmati sensasi segar dan kelezatan alami dengan anggur pilihan kami. Dipanen dengan teliti dari kebun yang subur, setiap buah anggur menghadirkan rasa manis yang memikat dan tekstur yang renyah. Pilih dari beragam varietas, mulai dari merah yang lezat hingga hijau yang menyegarkan. Kami mengutamakan kualitas tertinggi untuk memberikan pengalaman t', '<p>🍇 Kualitas Tak Terkalahkan: Setiap butir anggur kami dipilih dengan teliti untuk memastikan hanya yang terbaik yang Anda terima. Kualitas tinggi adalah prinsip utama kami.</p>\r\n\r\n<p>🍇 Rasa yang Menggoda: Anggur segar kami adalah perpaduan sempurna antara manis dan segar, menciptakan harmoni rasa yang akan merayu lidah Anda sejak gigitan pertama.</p>\r\n\r\n<p>🍇 Varietas Luas: Dari anggur merah yang lezat hingga anggur hijau yang menyegarkan, kami menawarkan berbagai varietas untuk memenuhi selera unik Anda.</p>\r\n\r\n<p>🍇 Kaya Nutrisi: Menyajikan lebih dari sekadar rasa, anggur juga mengandung nutrisi penting yang bermanfaat bagi kesehatan Anda. Kami hadirkan kenikmatan dan manfaat dalam setiap biji anggur.</p>\r\n\r\n<p>🍇 Camilan Sehat: Jadikan anggur segar kami sebagai pilihan camilan sehat yang cerdas dan lezat. Ideal untuk diberikan pada keluarga atau dinikmati sebagai penyegar dalam rutinitas harian.</p>', 'anggur-segar', 1, 1000, NULL, 'featured/1691324891_product-4.jpg', 'featured/1691324326_2-fotor-bg-remover-20230806191027.png', 'featured/1691324133_4-fotor-bg-remover-20230806191154.png', 'featured/1691324361_1-fotor-bg-remover-2023080619917.png', 1000, '2023-08-06 12:15:33', 1, '2023-08-06 12:28:11', 1, 70000, '10', 63000, 'Anggur,Anggur Segar,Buah'),
(7, 'Jeruk Segar', 'Nikmati kelezatan segar alami dengan jeruk pilihan kami. Dipetik dengan teliti dari kebun subur, setiap irisan jeruk menghadirkan rasa manis yang memikat dan kesegaran yang tak tertandingi. Pilih dari berbagai varietas, dari jeruk manis hingga jeruk mandarin yang segar. Dapatkan dosis vitamin dan nutrisi dalam setiap gigitan yang menyegarkan. Sajik', '<p>🍊 Kualitas Utama: Kami hanya menyajikan yang terbaik. Jeruk-jeruk kami dipilih dengan seksama, memastikan kualitas dan kesegaran yang konsisten.</p>\r\n\r\n<p>🍊 Rasa Autentik: Jeruk segar kami mengekspresikan rasa asli buah-buahan yang tumbuh di tanah subur. Setiap gigitan menghadirkan kelezatan alam yang tiada duanya.</p>\r\n\r\n<p>🍊 Varietas Luas: Dari jeruk manis hingga jeruk mandarin yang segar, kami menawarkan varietas untuk setiap selera dan kesempatan.</p>\r\n\r\n<p>🍊 Kaya Vitamin: Lezat dan bergizi. Jeruk mengandung vitamin dan nutrisi esensial yang mendukung kesehatan Anda. Nikmati sambil memberikan nutrisi untuk tubuh Anda.</p>\r\n\r\n<p>🍊 Penyegar Alami: Jadikan jeruk segar sebagai camilan sehat yang sempurna atau tambahkan dalam hidangan untuk sentuhan rasa yang istimewa.</p>\r\n\r\n<p>Ciptakan Momen Istimewa bersama Jeruk Segar Kami:</p>\r\n\r\n<p>Mulai hari Anda dengan kesegaran alami yang disajikan oleh jeruk segar kami. Dari santapan pagi hingga camilan sore, jeruk kami adalah pelengkap sempurna untuk setiap kesempatan. Dapatkan segera dan nikmati kelezatan alam dalam setiap iris jeruk. Dengan jeruk segar kami, Anda merasakan kualitas dan rasa yang tak tertandingi. Pesan sekarang dan hadirkan sentuhan segar dalam kehidupan Anda.</p>', 'jeruk-segar', 1, 1000, NULL, 'featured/1691324868_1-fotor-bg-remover-20230806192248.png', 'featured/1691324868_2-fotor-bg-remover-20230806192319.png', 'featured/1691324868_3-fotor-bg-remover-2023080619243.png', 'featured/1691325004_png-clipart-orange-orange-fotor-bg-remover-20230806192936.png', 1000, '2023-08-06 12:26:09', 1, '2023-08-06 12:30:04', 1, 50000, '10', 45000, 'Jeruk,Jeruk Segar'),
(9, 'Sayur Bayam', 'Nikmati kebaikan alami dengan bayam segar kami. Dipanen dari kebun berkualitas, setiap helai bayam menghadirkan cita rasa lezat dan kaya nutrisi. Sumber vitamin dan mineral penting, bayam cocok untuk berbagai hidangan sehat. Tambahkan dalam salad segar, tumis dengan bumbu favorit, atau nikmati dalam smoothie sehat. Dengan bayam kami, Anda mendapatk', '<p>🌱 Kualitas Tertinggi: Kami menghadirkan bayam segar dengan kualitas unggul. Setiap helai daun dipilih untuk memastikan kesegaran dan kualitas yang tak tertandingi.</p>\r\n\r\n<p>🌱 Nutrisi Optimal: Bayam adalah sumber vitamin A, C, dan K, serta zat besi dan serat. Dengan setiap sajian, Anda mendapatkan nutrisi yang mendukung kesehatan Anda.</p>\r\n\r\n<p>🌱 Kelezatan dalam Setiap Gigitan: Bayam kami memiliki rasa lezat yang cocok sebagai lapisan dalam sandwich, campuran dalam salad, atau bahan utama dalam hidangan beragam.</p>\r\n\r\n<p>🌱 Kreativitas Kuliner: Bayam merupakan kanvas untuk kreativitas masakan. Tambahkan ke smoothie sehat, tumis dengan bumbu favorit, atau gunakan sebagai isian dalam hidangan.</p>\r\n\r\n<p>🌱 Kesehatan Tanpa Kompromi: Dengan bayam segar kami, Anda memilih kebaikan alam tanpa kompromi pada cita rasa atau nutrisi.</p>\r\n\r\n<p>Hadiahkan Tubuh Anda dengan Kebaikan Bayam:</p>\r\n\r\n<p>Bayam segar kami adalah pilihan alami yang sempurna untuk menu harian Anda. Dapatkan manfaat dari kandungan nutrisi yang tinggi sambil menikmati kelezatan alami yang hanya bisa diberikan oleh bayam pilihan kami. Segera pesan dan nikmati rasa, nutrisi, dan kebaikan bayam segar dalam setiap hidangan Anda.</p>', 'sayur-bayam', 2, 100, NULL, 'featured/1691325394_1-fotor-bg-remover-2023080619331.png', 'featured/1691325394_2-fotor-bg-remover-20230806193338.png', 'featured/1691325394_3-fotor-bg-remover-2023080619344.png', 'featured/1691325394_3-fotor-bg-remover-20230806193429.png', 500, '2023-08-06 12:36:34', 1, '2023-08-06 12:36:34', 1, 30000, '4', 28800, 'Sayur,Bayam,Sayur Bayam'),
(10, 'Sayur Kangkung', 'Nikmati kelezatan dan nutrisi alami dengan kangkung segar kami. Dipetik dari sumber berkualitas, setiap helai kangkung menghadirkan rasa segar dan renyah yang khas. Kaya serat, vitamin, dan mineral, kangkung adalah pilihan cerdas untuk hidangan sehat Anda. Tumis dengan bumbu pilihan, tambahkan ke dalam sup, atau gunakan sebagai lapisan dalam mi gor', '<p>🌱 Kualitas Unggul: Kami memberikan kangkung segar terbaik dengan kesegaran yang tak tertandingi. Dipilih dengan cermat untuk memastikan kualitas terbaik yang Anda pantas dapatkan.</p>\r\n\r\n<p>🌱 Nutrisi Berlimpah: Kangkung adalah sumber serat, vitamin A, C, dan K, serta zat besi dan kalsium. Dengan setiap sajian, Anda memberi tubuh manfaat nutrisi yang berharga.</p>\r\n\r\n<p>🌱 Aneka Kreasi: Kangkung dapat diolah dalam berbagai hidangan kreatif. Tumis dengan bumbu kesukaan, tambahkan ke sup, atau sajikan sebagai lapisan dalam mi goreng.</p>\r\n\r\n<p>🌱 Kelezatan yang Menyegarkan: Kangkung memiliki rasa yang segar dan lezat, cocok untuk menyempurnakan hidangan Anda dengan sentuhan hijau yang sehat.</p>\r\n\r\n<p>🌱 Kesehatan yang Mudah: Dengan kangkung segar kami, Anda mendapatkan kesehatan dalam setiap gigitan, tanpa repot.</p>\r\n\r\n<p>Tingkatkan Hidangan Anda dengan Kangkung Segar:</p>\r\n\r\n<p>Kangkung segar kami adalah pilihan cerdas untuk hidangan sehari-hari yang lebih sehat dan bervariasi. Dapatkan kebaikan nutrisi alami dan nikmati cita rasa segar yang hanya dapat diberikan oleh kangkung pilihan kami. Pesan sekarang dan tambahkan sentuhan hijau bergizi dalam hidangan Anda.</p>', 'sayur-kangkung', 2, 100, NULL, 'featured/1691325730_4-fotor-bg-remover-20230806193952.png', 'featured/1691325730_3-fotor-bg-remover-20230806193945.png', 'featured/1691325730_2-fotor-bg-remover-20230806193941.png', 'featured/1691325730_1-fotor-bg-remover-20230806193932.png', 1000, '2023-08-06 12:42:10', 1, '2023-08-06 12:42:10', 1, 10000, '1', 9900, 'Kangkung,sayur'),
(11, 'Susu Indomilk Kontak', 'Susu Indomilk adalah simbol kenikmatan dan kualitas yang tak tertandingi. Dibuat dengan cinta dan perhatian, produk susu ini mengundang Anda untuk merasakan kelezatan sejati dalam setiap tegukan. Dengan dedikasi untuk memberikan yang terbaik, Indomilk telah menjelma menjadi pilihan utama keluarga dalam menciptakan momen berharga.', '<p>Keunggulan Susu Indomilk:</p>\r\n\r\n<p>Kualitas Terbaik: Diproduksi dengan standar kualitas internasional, susu Indomilk memberikan rasa dan nutrisi yang konsisten, menjadikannya pilihan yang sempurna untuk menjaga kesehatan Anda.</p>\r\n\r\n<p>Sumber Nutrisi Lengkap: Susu Indomilk mengandung nutrisi esensial seperti protein tinggi, kalsium, vitamin D, dan zat besi, yang mendukung pertumbuhan tulang dan kesehatan optimal.</p>\r\n\r\n<p>Rasa Autentik: Rasakan kelezatan susu murni yang khas dan autentik dalam setiap tegukan. Susu Indomilk hadir dengan cita rasa yang memanjakan lidah Anda.</p>\r\n\r\n<p>Versatile untuk Semua Kebutuhan: Susu Indomilk cocok untuk diminum secara langsung, dicampur dengan makanan favorit Anda, atau digunakan dalam resep masakan dan minuman lezat lainnya.</p>\r\n\r\n<p>Pilihan Varian: Tersedia dalam berbagai varian, mulai dari susu murni, low-fat, hingga susu dengan rasa cokelat yang menggugah selera.</p>\r\n\r\n<p>Tidak peduli apakah Anda sedang bersantai di pagi hari, mengisi tenaga setelah beraktivitas, atau ingin memanjakan diri dengan hidangan istimewa, susu Indomilk adalah mitra setia Anda dalam setiap momen berharga. Jadikan susu Indomilk bagian dari gaya hidup sehat dan lezat Anda!</p>\r\n\r\n<p>Kunjungi toko-toko terdekat atau platform online kami sekarang, dan raih kelezatan sejati dengan Susu Indomilk. Segera rasakan perbedaan yang mengagumkan dalam setiap tegukan, dan nikmati kualitas terbaik yang hanya dapat Anda dapatkan dari Indomilk.</p>', 'susu-indomilk-kontak', 4, 100, NULL, 'featured/1691363163_3-fotor-bg-remover-20230807630.png', 'featured/1691363163_2-fotor-bg-remover-202308076238.png', 'featured/1691363163_4-fotor-bg-remover-202308076348.png', NULL, 1000, '2023-08-06 23:06:03', 1, '2023-08-06 23:06:03', 1, 10000, '10', 9000, 'Susu,susu indomilk,susu coklat'),
(13, 'Susu Frisian Flag', 'Nikmati Kualitas Luar Biasa dengan Susu Frisian Flag! Menyajikan kelezatan dan gizi tanpa kompromi, Susu Frisian Flag telah menjadi pilihan utama keluarga. Dengan kandungan nutrisi penting seperti protein, kalsium, dan vitamin, ini adalah pilihan sempurna untuk pertumbuhan tulang yang kuat dan gaya hidup sehat. Tersedia dalam berbagai varian yang m', '<p>Susu Frisian Flag, simbol kelezatan dan kualitas sejati, hadir untuk memenuhi hasrat Anda akan rasa dan gizi yang luar biasa. Dengan warisan panjang sebagai pionir dalam industri susu, Frisian Flag telah mengukuhkan dirinya sebagai pilihan utama keluarga untuk memenuhi kebutuhan nutrisi harian dengan cita rasa yang tiada duanya.</p>\r\n\r\n<p>Dibuat dengan teliti dan berdasarkan inovasi terkini, Susu Frisian Flag adalah sumber nutrisi lengkap yang mendukung kesehatan dan kesejahteraan Anda. Kandungan protein berkualitas tinggi, kalsium penting, vitamin, dan mineral esensial lainnya memberikan pondasi yang kuat untuk pertumbuhan tulang dan kesejahteraan umum.</p>\r\n\r\n<p>Selain nutrisi yang berkualitas, rasa otentik Susu Frisian Flag memukau lidah Anda dengan setiap tegukan. Ditawarkan dalam berbagai varian yang sesuai dengan preferensi pribadi, mulai dari susu segar murni hingga rasa cokelat yang menggugah selera, Susu Frisian Flag memenuhi harapan setiap anggota keluarga.</p>\r\n\r\n<p>Tak perlu repot, Susu Frisian Flag dapat Anda temukan dengan mudah di toko-toko terdekat atau platform belanja online. Setiap tetes mengundang Anda untuk merasakan kualitas tanpa kompromi dan rasa yang tak terlupakan. Bergabunglah dengan komunitas yang telah lama menikmati manfaat susu berkualitas tinggi ini dan jadikan setiap hari sebagai kesempatan untuk merasakan kenikmatan sejati.</p>\r\n\r\n<p>Jadi, segera pilih Susu Frisian Flag sebagai bagian tak terpisahkan dari rutinitas harian Anda, dan nikmati kelezatan serta nutrisi terbaik dalam setiap tetes yang memuaskan.</p>', 'susu-frisian-flag', 4, 1000, NULL, 'featured/1691363457_1-fotor-bg-remover-202308076720.png', 'featured/1691363457_2-fotor-bg-remover-202308076742.png', 'featured/1691363457_4-fotor-bg-remover-202308076840.png', NULL, 1000, '2023-08-06 23:10:57', 1, '2023-08-06 23:10:57', 1, 20000, '10', 18000, 'Susu,Susu Frisian Flag'),
(14, 'Daging Sapi', 'Daging sapi kami diproses dengan standar kebersihan dan keamanan yang ketat, memastikan setiap potongan yang Anda pilih bebas dari bahan kimia berbahaya dan penyakit. Kaya akan protein berkualitas tinggi, vitamin, dan mineral penting, daging sapi kami adalah pilihan sempurna untuk hidangan bergizi dan lezat.', '<p>Daging sapi kami diproses dengan standar kebersihan dan keamanan yang ketat, memastikan setiap potongan yang Anda pilih bebas dari bahan kimia berbahaya dan penyakit. Kaya akan protein berkualitas tinggi, vitamin, dan mineral penting, daging sapi kami adalah pilihan sempurna untuk hidangan bergizi dan lezat.</p>\r\n\r\n<p>Dengan beragam pilihan potongan, mulai dari potongan premium untuk hidangan istimewa hingga potongan yang cocok untuk resep sehari-hari, kami mengakomodasi segala selera dan kebutuhan dapur Anda. Olahlah daging sapi kami menjadi sajian istimewa untuk keluarga dan teman, dan buat setiap hidangan menjadi momen berkesan.</p>\r\n\r\n<p>Kami mengundang Anda untuk menjelajahi koleksi daging sapi segar kami di toko kami atau melalui platform online. Dapatkan kualitas terbaik langsung dari ladang ke meja Anda. Dengan pilihan yang kaya, kualitas yang dijamin, dan rasa yang memuaskan, kami siap memenuhi keinginan kuliner Anda dengan daging sapi yang tak tertandingi.</p>', 'daging-sapi', 3, 1000, NULL, 'featured/1691364091_1-fotor-bg-remover-2023080761934.png', 'featured/1691364091_2-fotor-bg-remover-2023080761941.png', 'featured/1691364091_3-fotor-bg-remover-2023080761949.png', 'featured/1691364091_3-fotor-bg-remover-2023080761958.png', 2000, '2023-08-06 23:21:31', 1, '2023-08-06 23:21:31', 1, 150000, '10', 135000, 'Daging,Daging Sapi'),
(15, 'Daging Ayam', 'Daging ayam kami dihasilkan dengan komitmen terhadap kebersihan dan kesejahteraan hewan, sehingga Anda dapat menikmati setiap potongan dengan keyakinan akan sumber yang aman dan sehat. Kaya akan protein berkualitas, rendah lemak, dan nutrisi esensial lainnya, daging ayam kami menjadi pilihan sempurna untuk hidangan bergizi dan lezat.\r\n\r\nKami menyed', '<p>Daging ayam kami dihasilkan dengan komitmen terhadap kebersihan dan kesejahteraan hewan, sehingga Anda dapat menikmati setiap potongan dengan keyakinan akan sumber yang aman dan sehat. Kaya akan protein berkualitas, rendah lemak, dan nutrisi esensial lainnya, daging ayam kami menjadi pilihan sempurna untuk hidangan bergizi dan lezat.</p>\r\n\r\n<p>Kami menyediakan berbagai pilihan potongan, mulai dari paha, dada, sayap, hingga potongan khusus lainnya, memungkinkan Anda untuk menghadirkan keanekaragaman rasa dalam setiap hidangan. Dari masakan sehari-hari hingga sajian istimewa, daging ayam kami siap melengkapi dapur Anda dengan pilihan terbaik.</p>\r\n\r\n<p>Kunjungi toko kami atau jelajahi platform online kami untuk menemukan pilihan daging ayam segar yang berkualitas. Dapatkan kelezatan dan kualitas terbaik yang kami tawarkan, dan jadikan setiap hidangan menjadi pengalaman kuliner yang memuaskan. Dengan daging ayam kami, Anda membawa keahlian peternakan langsung ke dalam rumah Anda.</p>', 'daging-ayam', 3, 100, NULL, 'featured/1691364367_2-fotor-bg-remover-2023080762431.png', 'featured/1691364367_1-fotor-bg-remover-2023080762423.png', 'featured/1691364367_3-fotor-bg-remover-2023080762438.png', 'featured/1691364367_4-fotor-bg-remover-2023080762445.png', 1000, '2023-08-06 23:26:07', 1, '2023-08-06 23:26:07', 1, 100000, '1', 99000, 'Daging Ayam,Ayam');

-- --------------------------------------------------------

--
-- Table structure for table `tbl_seo`
--

CREATE TABLE `tbl_seo` (
  `seo_id` int(11) NOT NULL,
  `seo_title` varchar(250) NOT NULL,
  `seo_keyword` varchar(250) NOT NULL,
  `seo_description` varchar(350) NOT NULL,
  `created_by` int(11) NOT NULL,
  `created_at` datetime NOT NULL DEFAULT current_timestamp(),
  `updated_by` int(11) DEFAULT NULL,
  `updated_at` datetime NOT NULL DEFAULT current_timestamp(),
  `page` varchar(100) DEFAULT NULL
) ENGINE=InnoDB DEFAULT CHARSET=utf8mb4 COLLATE=utf8mb4_general_ci;

--
-- Dumping data for table `tbl_seo`
--

INSERT INTO `tbl_seo` (`seo_id`, `seo_title`, `seo_keyword`, `seo_description`, `created_by`, `created_at`, `updated_by`, `updated_at`, `page`) VALUES
(1, 'Belanja Online Sayur, Beras, Buah, Susu, dan Daging Segar | FreshMart', 'Sayur segar, Daging berkualitas, Beli buah online, Susu murni, Jual beras online, Toko sayur online', 'Situs lengkap belanja online sayur, Beras, Buah, Susu, dan Daging Segar. Dapatkan produk berkualitas dengan harga terbaik. Pengiriman cepat ke seluruh wilayah Indonesia. FreshMart - Segera berbelanja!', 1, '2023-07-22 21:21:39', 1, '2023-08-04 23:14:59', 'home'),
(2, 'Belanja Online Sayur, Beras, Buah, Susu, dan Daging Segar | FreshMart', 'Sayur segar, Daging berkualitas, Beli buah online, Susu murni, Jual beras online, Toko sayur online', 'Situs lengkap belanja online sayur, Beras, Buah, Susu, dan Daging Segar. Dapatkan produk berkualitas dengan harga terbaik. Pengiriman cepat ke seluruh wilayah Indonesia. FreshMart - Segera berbelanja!', 1, '2023-07-22 21:21:39', 1, '2023-07-22 21:21:39', 'blog'),
(3, 'Belanja Online Sayur, Beras, Buah, Susu, dan Daging Segar | FreshMart', 'Sayur segar, Daging berkualitas, Beli buah online, Susu murni, Jual beras online, Toko sayur online', 'Situs lengkap belanja online sayur, Beras, Buah, Susu, dan Daging Segar. Dapatkan produk berkualitas dengan harga terbaik. Pengiriman cepat ke seluruh wilayah Indonesia. FreshMart - Segera berbelanja!', 1, '2023-07-22 21:21:39', 1, '2023-07-22 21:21:39', 'product'),
(4, 'Belanja Online Sayur, Beras, Buah, Susu, dan Daging Segar | FreshMart', 'Sayur segar, Daging berkualitas, Beli buah online, Susu murni, Jual beras online, Toko sayur online', 'Situs lengkap belanja online sayur, Beras, Buah, Susu, dan Daging Segar. Dapatkan produk berkualitas dengan harga terbaik. Pengiriman cepat ke seluruh wilayah Indonesia. FreshMart - Segera berbelanja!', 1, '2023-07-22 21:21:39', 1, '2023-07-22 21:21:39', 'contact'),
(5, 'Belanja Online Sayur, Beras, Buah, Susu, dan Daging Segar | FreshMart', 'Sayur segar, Daging berkualitas, Beli buah online, Susu murni, Jual beras online, Toko sayur online', 'Situs lengkap belanja online sayur, Beras, Buah, Susu, dan Daging Segar. Dapatkan produk berkualitas dengan harga terbaik. Pengiriman cepat ke seluruh wilayah Indonesia. FreshMart - Segera berbelanja!', 1, '2023-07-22 21:21:39', 1, '2023-07-22 21:21:39', 'cart'),
(6, 'Belanja Online Sayur, Beras, Buah, Susu, dan Daging Segar | FreshMart', 'Sayur segar, Daging berkualitas, Beli buah online, Susu murni, Jual beras online, Toko sayur online', 'Situs lengkap belanja online sayur, Beras, Buah, Susu, dan Daging Segar. Dapatkan produk berkualitas dengan harga terbaik. Pengiriman cepat ke seluruh wilayah Indonesia. FreshMart - Segera berbelanja!', 1, '2023-07-22 21:21:39', 1, '2023-07-22 21:21:39', 'checkout');

-- --------------------------------------------------------

--
-- Table structure for table `tbl_service_pengiriman`
--

CREATE TABLE `tbl_service_pengiriman` (
  `service_id` int(11) NOT NULL,
  `service_name` varchar(100) NOT NULL,
  `created_at` datetime NOT NULL DEFAULT current_timestamp(),
  `created_by` int(11) NOT NULL,
  `updated_at` datetime NOT NULL DEFAULT current_timestamp(),
  `updated_by` int(11) NOT NULL
) ENGINE=InnoDB DEFAULT CHARSET=utf8mb4 COLLATE=utf8mb4_general_ci;

--
-- Dumping data for table `tbl_service_pengiriman`
--

INSERT INTO `tbl_service_pengiriman` (`service_id`, `service_name`, `created_at`, `created_by`, `updated_at`, `updated_by`) VALUES
(1, 'Express', '2023-07-22 11:06:18', 0, '2023-07-22 11:06:18', 0),
(2, 'Ekonomi', '2023-07-22 11:06:28', 0, '2023-07-30 00:39:55', 1);

-- --------------------------------------------------------

--
-- Table structure for table `tbl_setting`
--

CREATE TABLE `tbl_setting` (
  `setting_id` int(11) NOT NULL,
  `setting_name` varchar(100) NOT NULL,
  `setting_value` text NOT NULL,
  `setting_group` varchar(100) NOT NULL,
  `created_at` datetime NOT NULL DEFAULT current_timestamp(),
  `created_by` int(11) NOT NULL,
  `updated_at` datetime NOT NULL DEFAULT current_timestamp(),
  `updated_by` int(11) NOT NULL
) ENGINE=InnoDB DEFAULT CHARSET=utf8mb4 COLLATE=utf8mb4_general_ci;

--
-- Dumping data for table `tbl_setting`
--

INSERT INTO `tbl_setting` (`setting_id`, `setting_name`, `setting_value`, `setting_group`, `created_at`, `created_by`, `updated_at`, `updated_by`) VALUES
(1, 'email', 'taufik1799hidayat@gmail.com', 'contact', '2023-05-28 14:22:48', 1, '2023-08-06 12:00:36', 1),
(2, 'promotion', 'Toko Kami Buka 24 Jam', 'promotion', '2023-05-28 14:22:48', 1, '2023-08-05 05:37:31', 1),
(3, 'facebook', '#', 'contact', '2023-05-28 14:22:48', 1, '2023-05-28 14:22:48', 1),
(4, 'twitter', '#', 'contact', '2023-05-28 14:22:48', 1, '2023-05-28 14:22:48', 1),
(5, 'instagram', '#', 'contact', '2023-05-28 14:22:48', 1, '2023-05-28 14:22:48', 1),
(6, 'whatsapp', '62895-6027-11986', 'contact', '2023-05-28 14:22:48', 1, '2023-05-28 14:22:48', 1),
(7, 'alamat', 'JL. Juanda No. 20 Padang', 'address', '2023-05-28 14:22:48', 1, '2023-05-28 14:22:48', 1),
(8, 'phone', '089616621023', 'contact', '2023-05-28 14:22:48', 1, '2023-05-28 14:22:48', 1),
(9, 'hero_banner_title', 'FRESHMART', 'banner', '2023-05-28 14:22:48', 1, '2023-08-06 11:48:34', 1),
(10, 'hero_banner_subtitle', 'Produk <br/>100% Segar', 'banner', '2023-05-28 14:22:48', 1, '2023-08-06 11:59:15', 1),
(11, 'hero_banner_message', 'Biaya Pengiriman Murah', 'banner', '2023-05-28 14:22:48', 1, '2023-08-06 11:59:39', 1),
(12, 'operational', '24 Jam', 'contact', '2023-05-28 14:22:48', 1, '2023-05-28 14:22:48', 1),
(13, 'map', '<iframe src=\"https://www.google.com/maps/embed?pb=!1m18!1m12!1m3!1d3989.326642128881!2d100.41932561409932!3d-0.8995100355786555!2m3!1f0!2f0!3f0!3m2!1i1024!2i768!4f13.1!3m3!1m2!1s0x2fd4b8120fda3a39%3A0xae554afac18e5f9e!2sJl.%20Delima%20IV%2C%20Kuranji%2C%20Kec.%20Kuranji%2C%20Kota%20Padang%2C%20Sumatera%20Barat%2025173!5e0!3m2!1sid!2sid!4v1601250627287!5m2!1sid!2sid\"  height=\"500\" style=\"border:0;\" allowfullscreen=\"\" aria-hidden=\"false\" tabindex=\"0\"></iframe>', 'contact', '2023-05-28 14:22:48', 1, '2023-05-28 14:22:48', 1),
(14, 'logo', '1691323492_Logo.png', 'site', '2023-05-28 14:22:48', 1, '2023-08-06 12:04:52', 1),
(15, 'copyright', '<p><!-- Link back to Colorlib can\'t be removed. Template is licensed under CC BY 3.0. -->   Copyright ©<script>document.write(new Date().getFullYear());</script> All rights reserved | This template is made with <i class=\"fa fa-heart\" aria-hidden=\"true\"></i> by <a href=\"https://colorlib.com\" target=\"_blank\">Colorlib</a>   <!-- Link back to Colorlib can\'t be removed. Template is licensed under CC BY 3.0. --></p>', 'site', '2023-05-28 14:22:48', 1, '2023-08-05 23:56:02', 1),
(16, 'payment_logo', 'payment-item.png', 'site', '2023-05-28 14:22:48', 1, '2023-05-28 14:22:48', 1),
(17, 'hero_banner', '1691279634_banner.jpg', 'banner', '2023-05-28 14:22:48', 1, '2023-08-05 23:53:54', 1),
(18, 'kelurahan', 'Kuranji', 'address', '2023-08-05 17:30:37', 0, '2023-08-05 17:30:37', 0),
(19, 'store_name', 'FreshMart', 'about', '2023-08-05 18:23:34', 1, '2023-08-05 18:23:34', 1);

-- --------------------------------------------------------

--
-- Table structure for table `tbl_subscribe`
--

CREATE TABLE `tbl_subscribe` (
  `id` int(11) NOT NULL,
  `whatsapp` varchar(15) NOT NULL,
  `created_at` datetime NOT NULL DEFAULT current_timestamp(),
  `created_by` int(11) DEFAULT NULL
) ENGINE=InnoDB DEFAULT CHARSET=utf8mb4 COLLATE=utf8mb4_general_ci;

--
-- Indexes for dumped tables
--

--
-- Indexes for table `tbl_banner`
--
ALTER TABLE `tbl_banner`
  ADD PRIMARY KEY (`banner_id`);

--
-- Indexes for table `tbl_blog`
--
ALTER TABLE `tbl_blog`
  ADD PRIMARY KEY (`blog_id`);

--
-- Indexes for table `tbl_category`
--
ALTER TABLE `tbl_category`
  ADD PRIMARY KEY (`category_id`);

--
-- Indexes for table `tbl_contact`
--
ALTER TABLE `tbl_contact`
  ADD PRIMARY KEY (`contact_id`);

--
-- Indexes for table `tbl_kecamatan`
--
ALTER TABLE `tbl_kecamatan`
  ADD PRIMARY KEY (`kecamatan_id`);

--
-- Indexes for table `tbl_kelurahan`
--
ALTER TABLE `tbl_kelurahan`
  ADD PRIMARY KEY (`kelurahan_id`);

--
-- Indexes for table `tbl_ongkir`
--
ALTER TABLE `tbl_ongkir`
  ADD PRIMARY KEY (`ongkir_id`);

--
-- Indexes for table `tbl_order`
--
ALTER TABLE `tbl_order`
  ADD PRIMARY KEY (`order_code`);

--
-- Indexes for table `tbl_order_detail`
--
ALTER TABLE `tbl_order_detail`
  ADD PRIMARY KEY (`order_detail_id`);

--
-- Indexes for table `tbl_product`
--
ALTER TABLE `tbl_product`
  ADD PRIMARY KEY (`product_id`);

--
-- Indexes for table `tbl_seo`
--
ALTER TABLE `tbl_seo`
  ADD PRIMARY KEY (`seo_id`);

--
-- Indexes for table `tbl_service_pengiriman`
--
ALTER TABLE `tbl_service_pengiriman`
  ADD PRIMARY KEY (`service_id`);

--
-- Indexes for table `tbl_setting`
--
ALTER TABLE `tbl_setting`
  ADD PRIMARY KEY (`setting_id`);

--
-- Indexes for table `tbl_subscribe`
--
ALTER TABLE `tbl_subscribe`
  ADD PRIMARY KEY (`id`);

--
-- AUTO_INCREMENT for dumped tables
--

--
-- AUTO_INCREMENT for table `tbl_banner`
--
ALTER TABLE `tbl_banner`
  MODIFY `banner_id` int(11) NOT NULL AUTO_INCREMENT, AUTO_INCREMENT=3;

--
-- AUTO_INCREMENT for table `tbl_blog`
--
ALTER TABLE `tbl_blog`
  MODIFY `blog_id` int(11) NOT NULL AUTO_INCREMENT, AUTO_INCREMENT=4;

--
-- AUTO_INCREMENT for table `tbl_category`
--
ALTER TABLE `tbl_category`
  MODIFY `category_id` int(11) NOT NULL AUTO_INCREMENT, AUTO_INCREMENT=17;

--
-- AUTO_INCREMENT for table `tbl_contact`
--
ALTER TABLE `tbl_contact`
  MODIFY `contact_id` int(11) NOT NULL AUTO_INCREMENT, AUTO_INCREMENT=5;

--
-- AUTO_INCREMENT for table `tbl_kecamatan`
--
ALTER TABLE `tbl_kecamatan`
  MODIFY `kecamatan_id` int(11) NOT NULL AUTO_INCREMENT, AUTO_INCREMENT=14;

--
-- AUTO_INCREMENT for table `tbl_kelurahan`
--
ALTER TABLE `tbl_kelurahan`
  MODIFY `kelurahan_id` int(11) NOT NULL AUTO_INCREMENT, AUTO_INCREMENT=11;

--
-- AUTO_INCREMENT for table `tbl_ongkir`
--
ALTER TABLE `tbl_ongkir`
  MODIFY `ongkir_id` int(11) NOT NULL AUTO_INCREMENT, AUTO_INCREMENT=47;

--
-- AUTO_INCREMENT for table `tbl_order_detail`
--
ALTER TABLE `tbl_order_detail`
  MODIFY `order_detail_id` int(11) NOT NULL AUTO_INCREMENT, AUTO_INCREMENT=18;

--
-- AUTO_INCREMENT for table `tbl_product`
--
ALTER TABLE `tbl_product`
  MODIFY `product_id` int(11) NOT NULL AUTO_INCREMENT, AUTO_INCREMENT=16;

--
-- AUTO_INCREMENT for table `tbl_seo`
--
ALTER TABLE `tbl_seo`
  MODIFY `seo_id` int(11) NOT NULL AUTO_INCREMENT, AUTO_INCREMENT=7;

--
-- AUTO_INCREMENT for table `tbl_service_pengiriman`
--
ALTER TABLE `tbl_service_pengiriman`
  MODIFY `service_id` int(11) NOT NULL AUTO_INCREMENT, AUTO_INCREMENT=3;

--
-- AUTO_INCREMENT for table `tbl_setting`
--
ALTER TABLE `tbl_setting`
  MODIFY `setting_id` int(11) NOT NULL AUTO_INCREMENT, AUTO_INCREMENT=20;

--
-- AUTO_INCREMENT for table `tbl_subscribe`
--
ALTER TABLE `tbl_subscribe`
  MODIFY `id` int(11) NOT NULL AUTO_INCREMENT, AUTO_INCREMENT=2;
COMMIT;

